n factor of d and q?
8
Let f(t) = 14*t**2 + 30*t + 96. Let g be f(-5). Calculate the greatest common factor of 74 and g.
74
Let j be -2 + -1 + 73 + 2. Let q be (-12)/(-34)*(13052/156 + -61). Calculate the greatest common factor of q and j.
8
Let s be ((-508)/17)/(-1) - (-140 + (-306762)/(-2193)). Let k(a) = 750*a**3 - a**2 + 2*a - 1. Let w be k(1). What is the highest common factor of w and s?
30
Suppose -2644 = -2*u + 2*t, -14*t = -4*u - 17*t + 5316. What is the highest common divisor of 459 and u?
51
Suppose -4*q = -8*j + 7*j - 334, j + q = -314. Let x = j + 378. Calculate the greatest common divisor of 4 and x.
4
Let u(i) = i**2 + 18*i + 62. Let l be u(-4). Suppose 4*o - 3 = n + 71, l = -3*n. Calculate the highest common divisor of o and 78.
6
Let b be 9490/25 - 3/5. Suppose b = 4*g - u + 2*u, 0 = -4*u - 20. Let p = 111 + -99. What is the greatest common factor of p and g?
12
Let x be 0 + -5*(-10)/525 - (-17571)/63. What is the greatest common factor of x and 341?
31
Suppose 3*o = -4 - 14. Let t(l) = l**3 + 7*l**2 + 4*l - 8. Let s be t(o). Let h be ((-441)/84)/((-3)/16). What is the greatest common factor of s and h?
4
Suppose 0 = 125*q + 2720 - 6155 - 9065. What is the highest common divisor of q and 8?
4
Let i = -5254 - -12552. What is the greatest common factor of 82 and i?
82
Let r(d) = 2*d**3 - 47*d**2 + 22*d + 33. Let g be r(23). What is the highest common divisor of g and 365?
5
Suppose -c - 15 = 2*d, 0 = d + 14*c - 11*c + 10. Let g be 38/(-133) - 821/d. Calculate the highest common factor of 65 and g.
13
Let y be 1552*((-1)/10)/((-2)/10). Suppose 3*b - y = -4*f + 1309, 4*b = -4*f + 2080. Calculate the greatest common divisor of 21 and f.
21
Let s = -483 - -678. Suppose -7*p + 16 + 5 = 0. What is the highest common factor of p and s?
3
Let c be 8 - (-179 + 1 + (3 - 3)). Calculate the greatest common divisor of c and 24.
6
Suppose -29*w + 2*f + 801 = 0, -2*f - 153 = -4*w - w. Suppose -19 = -3*u - 3*x + 104, -3*u + 139 = -x. What is the greatest common factor of w and u?
9
Suppose 0 = 34*p - 2669 - 1921. What is the highest common factor of p and 1485?
135
Let b(t) = 2*t**2 + 4*t + 19. Let z be b(-8). Let k = z - 65. Suppose -5*c - k = -5*i + 85, -4*i + 132 = 4*c. Calculate the highest common divisor of 10 and i.
10
Let j be 6*(-8)/24*5/(-2). Suppose j*o - 37 = -2*s, -o - 4*s + 12 = s. Calculate the highest common factor of 7 and o.
7
Suppose -z + 3470 = -f, -4*z - 21*f = -24*f - 13875. What is the highest common factor of z and 175?
35
Let i(s) = -2*s**3 - 176*s**2 - 181*s - 305. Let c be i(-87). What is the greatest common factor of 95 and c?
19
Suppose 1944 = -16*r - 728. Let h = -146 - r. Calculate the highest common divisor of h and 42.
21
Suppose 0 = -j + 2, h - j = 5 - 63. Let n be (-2 + h/(-6))*(-126)/(-12). Calculate the highest common divisor of 110 and n.
11
Suppose -2*a - 2*c + 6 = -2, 2*a + 3*c - 7 = 0. Suppose a*x = -5*x + 40. Calculate the highest common factor of 13 and x.
1
Let f be (9 - 275/11)*-4. What is the highest common factor of 1728 and f?
64
Let g be 1/(1 + -2) + (4160 - -566). Calculate the highest common divisor of 189 and g.
189
Let l be (((-320)/(-30))/1)/(3/450). What is the greatest common factor of l and 1280?
320
Let s(m) = 9*m**2 + 6*m + 7. Let i be s(-3). Let w be (-10)/5 - (15 + -47). Calculate the greatest common factor of w and i.
10
Suppose 8*w + 18 = -30. Let u(j) = j + 16. Let a be u(w). What is the highest common divisor of 70 and a?
10
Suppose -4*q - n = -11, -2*n = 3*q + 1 - 3. Let h be (-18502)/(-290) - (-1)/5. Calculate the greatest common factor of q and h.
4
Suppose -3*u - 4 + 37 = 0. Suppose -1295 = 6*s - u*s. What is the greatest common divisor of s and 37?
37
Let n(u) = -4*u + 13. Let q be n(-2). Suppose -11*w + 16745 + 580 = 0. Calculate the highest common factor of q and w.
21
Let c be -4 - (-2 + -2 - 35). Suppose 4*a + 28 = -4*q, 3*q - 2*q + c = -5*a. Let o be a/((-7)/52) + -2. What is the highest common factor of o and 20?
10
Let q(b) = 91*b + 2845. Let y be q(33). What is the greatest common divisor of y and 544?
136
Let c(x) = 4*x**3 - 11*x**2 + 9*x - 21. Let i be c(9). Calculate the greatest common factor of 139 and i.
139
Let l(f) = 4*f + 68. Let y be l(-7). What is the greatest common divisor of 360 and y?
40
Suppose 0 = 3*x - 4*x + 26. Suppose -b - y = -24, -b + 5*y = 2 - x. Calculate the greatest common divisor of b and 36.
12
Let n(o) = 2*o**2 + 2*o - 85. Let g be n(0). Let p = g + 88. Suppose 0 = -c - 3 + 5. What is the greatest common divisor of p and c?
1
Suppose -2*t - 327*k + 19040 = -323*k, -47582 = -5*t - k. What is the highest common divisor of t and 39?
39
Let a(z) = -44*z + 214. Let q be a(0). Let g = 782 - q. Calculate the greatest common factor of g and 8.
8
Suppose -5*m + 16 + 9 = 0. Suppose -m*l + 0*l = -90. Let k be (-2 - -38)*(7/2 - -3). Calculate the greatest common factor of l and k.
18
Suppose -2*o = -4*f - 74, -4*f - 74 = -2*o - f. Suppose -5*u = -10, 2*q - o = q - u. Suppose 84 = 37*d - q*d. What is the greatest common factor of 14 and d?
14
Let h(z) = 2*z**2 - z. Let v be h(4). Suppose b + 4721 - 4728 = 0. Let o be (b + (-138)/18)*-84. What is the greatest common divisor of v and o?
28
Let u(g) = -2*g**2 - g - 4. Let n(w) = -w - 9. Let j be n(-6). Let i be u(j). Let c = 25 + i. What is the highest common divisor of c and 30?
6
Suppose 21*k + 226 - 625 = 0. Calculate the highest common factor of k and 19836.
19
Let a = 4269 - 4044. Let d be 50*(-2 - (-15)/6). What is the highest common factor of a and d?
25
Let z(u) = -27*u + 477. Let g be z(17). Let y be (-14)/(-35) + (-46)/(-10). Suppose h - y*h = -96. Calculate the highest common divisor of g and h.
6
Let n = 82 - 71. Suppose -13*a + 5*a = 488. Let j = 160 + a. What is the highest common divisor of j and n?
11
Suppose -14*p = -p - 39. Suppose -538 = -p*t - a, t + 3*t - 716 = -2*a. What is the highest common divisor of t and 12?
12
Let f be 4 - ((2 - 17) + -1) - 2. Suppose 1140 = f*l + l. What is the greatest common factor of l and 84?
12
Let u(d) = 5*d**3 + 5*d + 1. Let i be u(3). Let c = i + -147. What is the greatest common factor of 4 and c?
4
Let c = 1409 + 11759. What is the greatest common divisor of 16 and c?
16
Suppose 0 = 7*o + 37*o + 5*o - 44982. Calculate the highest common factor of 1458 and o.
54
Suppose -30 = 2*b + 4*b. Let f(h) = -10*h + 34. Let j be f(b). Let m = 43 - 31. What is the highest common factor of j and m?
12
Let n(j) = 2*j - 1 - 4 - 2. Let y be n(2). Let s = y - -13. What is the highest common factor of 40 and s?
10
Let i = 5540 - 5528. Let v = 6 - 1. Suppose -70 = -5*f - 2*w, 5*w + 11 = v*f - 24. What is the greatest common factor of i and f?
12
Let y = 2764 + -179. Let l be 3/8 - y/(-40). Calculate the highest common divisor of 26 and l.
13
Let l(v) = v**2 + 12*v - 30. Let j be l(6). Suppose 4*g = 129 + 1327. Calculate the greatest common divisor of j and g.
26
Suppose 0 = g + g - d - 55, -5*g - 5*d + 115 = 0. Suppose 6 = -3*r, 4*r = -4*h + 439 + 21. Calculate the greatest common factor of h and g.
13
Suppose -404 = -6*o + 76. Suppose -o*t + 89*t - 72 = 0. Suppose 3*i = -0*i + 36. Calculate the greatest common factor of t and i.
4
Let g be (-122)/6 + (-4)/(-12). Let u = 620 + -616. Let k be ((-1050)/g)/(2/u). What is the greatest common divisor of 15 and k?
15
Suppose 2*n - 1370 = 2990. Suppose n = 8*y - 284. Suppose v - y = -13*v. Calculate the highest common divisor of v and 110.
22
Let k be ((-48)/9)/(-5*42/945). Calculate the greatest common divisor of 2984 and k.
8
Let f be (2114 - 90) + -2 + -1. What is the greatest common factor of f and 172?
43
Suppose -8*n - 6*n + 15022 = 0. Suppose -137 + 248 = 3*k. What is the greatest common divisor of n and k?
37
Let z(r) = 11*r**2 + 36*r + 67. Let h be z(-13). Calculate the highest common factor of 108 and h.
54
Suppose -136 - 34 = 2*m. Let r = m - -103. What is the highest common factor of r and 288?
18
Let b be 4/(-22) + -356*6/(-132). Let d = 23 + b. Suppose 12 = 41*c - d*c. Calculate the highest common factor of c and 3.
3
Let r(h) = -h**3 + 11*h**2 - h + 16. Let v(u) = -u**2 + 25*u. Let s be v(26). Let q = 37 + s. Let g be r(q). Calculate the highest common divisor of g and 25.
5
Suppose -n + 2*g + 18 = 0, -4*n -